{"id":16,"date":"2014-12-01T10:57:17","date_gmt":"2014-12-01T08:57:17","guid":{"rendered":"http:\/\/scaramouche.fi\/?page_id=16"},"modified":"2014-12-18T17:04:46","modified_gmt":"2014-12-18T15:04:46","slug":"linkkeja","status":"publish","type":"page","link":"https:\/\/www.kroma.fi\/scaramouche\/linkkeja\/","title":{"rendered":"Linkkej\u00e4"},"content":{"rendered":"<p><strong>Jean Sibelius verkkosivusto\u00a0\u00a0<a href=\"http:\/\/www.sibelius.fi\" target=\"_blank\">www.sibelius.fi<\/a><\/strong><\/p>\n<p><strong>Tietoa\u00a0<a href=\"http:\/\/www.sibelius.fi\/suomi\/musiikki\/nayttamo_scaramouche.htm\" target=\"_blank\">Scaramouche<\/a>\u00a0baletti-pantomiimista.<\/strong><\/p>\n<p><strong>Jean\u00a0Sibelius 150 Juhlavuoden\u00a0verkkosivusto\u00a0<a href=\"http:\/\/sibelius150.org\/fi\/\" target=\"_blank\">Sibelius150<\/a><\/strong><\/p>\n<p><strong>Kamariorkesteri\u00a0<a href=\"http:\/\/tapiolasinfonietta.fi\/\" target=\"_blank\">Tapiola Sinfonietta<\/a><\/strong><\/p>\n<p><strong>Tuomas Hannikaisen haastattelu\u00a0<a href=\"http:\/\/www.hs.fi\/kulttuuri\/a1415594720486\" target=\"_blank\">Helsingin Sanomat 11.11.2014<\/a><\/strong><\/p>\n<p><strong>\u00a0<\/strong><\/p>\n<div id=\"attachment_117\" style=\"width: 260px\" class=\"wp-caption alignnone\"><a href=\"https:\/\/www.kroma.fi\/scaramouche\/wp-content\/uploads\/2014\/12\/Jean-Sibelius-1913.jpg\" data-rel=\"lightbox-image-0\" data-rl_title=\"\" data-rl_caption=\"\" title=\"\"><img loading=\"lazy\" decoding=\"async\" aria-describedby=\"caption-attachment-117\" class=\"wp-image-117 size-full\" src=\"https:\/\/www.kroma.fi\/scaramouche\/wp-content\/uploads\/2014\/12\/Jean-Sibelius-1913.jpg\" alt=\"Jean Sibelius 1913\" width=\"250\" height=\"338\" data-id=\"117\" srcset=\"https:\/\/www.kroma.fi\/scaramouche\/wp-content\/uploads\/2014\/12\/Jean-Sibelius-1913.jpg 250w, https:\/\/www.kroma.fi\/scaramouche\/wp-content\/uploads\/2014\/12\/Jean-Sibelius-1913-221x300.jpg 221w\" sizes=\"auto, (max-width: 250px) 100vw, 250px\" \/><\/a><p id=\"caption-attachment-117\" class=\"wp-caption-text\">S\u00e4velt\u00e4j\u00e4 Jean Sibelius Scaramouchen s\u00e4vellysvuonna 1913.<\/p><\/div>\n<p>&nbsp;<\/p>","protected":false},"excerpt":{"rendered":"<p>Jean Sibelius verkkosivusto\u00a0\u00a0www.sibelius.fi Tietoa\u00a0Scaramouche\u00a0baletti-pantomiimista. Jean\u00a0Sibelius 150 Juhlavuoden\u00a0verkkosivusto\u00a0Sibelius150 Kamariorkesteri\u00a0Tapiola Sinfonietta Tuomas Hannikaisen haastattelu\u00a0Helsingin Sanomat 11.11.2014 \u00a0 &nbsp;<\/p>\n","protected":false},"author":1,"featured_media":0,"parent":0,"menu_order":4,"comment_status":"closed","ping_status":"closed","template":"","meta":{"footnotes":""},"class_list":["post-16","page","type-page","status-publish","hentry"],"_links":{"self":[{"href":"https:\/\/www.kroma.fi\/scaramouche\/wp-json\/wp\/v2\/pages\/16","targetHints":{"allow":["GET"]}}],"collection":[{"href":"https:\/\/www.kroma.fi\/scaramouche\/wp-json\/wp\/v2\/pages"}],"about":[{"href":"https:\/\/www.kroma.fi\/scaramouche\/wp-json\/wp\/v2\/types\/page"}],"author":[{"embeddable":true,"href":"https:\/\/www.kroma.fi\/scaramouche\/wp-json\/wp\/v2\/users\/1"}],"replies":[{"embeddable":true,"href":"https:\/\/www.kroma.fi\/scaramouche\/wp-json\/wp\/v2\/comments?post=16"}],"version-history":[{"count":26,"href":"https:\/\/www.kroma.fi\/scaramouche\/wp-json\/wp\/v2\/pages\/16\/revisions"}],"predecessor-version":[{"id":174,"href":"https:\/\/www.kroma.fi\/scaramouche\/wp-json\/wp\/v2\/pages\/16\/revisions\/174"}],"wp:attachment":[{"href":"https:\/\/www.kroma.fi\/scaramouche\/wp-json\/wp\/v2\/media?parent=16"}],"curies":[{"name":"wp","href":"https:\/\/api.w.org\/{rel}","templated":true}]}}